he second derivative of z**4/12 + z**3 - z**2 - 321*z. Calculate n(k).
5
Let h(t) = -1917 + 958 + 955 + t**2 - 6*t. Give h(8).
12
Suppose 18 = 4*n + 2*n. Let t(m) = 9 + n + 0*m + m. What is t(-6)?
6
Let h be 1/2 + (-46)/(-4) + -10. Let z(i) be the first derivative of -h*i + 1/4*i**4 + 9 - i**3 + i**2. What is z(2)?
-2
Suppose -3*r = -0*y - 4*y + 38, 3*y - 3*r - 30 = 0. Let a(u) = 4 - 9*u + 0 + 0*u + y*u. Determine a(10).
-6
Let q(s) = 24*s**2 + 20*s. Let f be q(-1). Let b(d) = d**3 - 3*d**2 - 6*d + 11. Give b(f).
3
Let z(b) = -13*b + 23*b - 14*b + 1. Let k = 9 - 5. Let w = 6 - k. What is z(w)?
-7
Let m(p) = p**3 + p**2 + 2*p + 1. Let g be (-3 - -2) + 6 + 0 + -4. Let l be (1 - -8)/(-3)*g/3. Give m(l).
-1
Let j(r) = -48*r**3 - 16*r**2 + 19*r + 13. Let v(n) = -11*n**3 - 3*n**2 + 5*n + 3. Let g(l) = 6*j(l) - 26*v(l). What is g(-8)?
0
Let y(g) = g**2 - 15*g + 3. Suppose 11*x = -81*x + 1380. Give y(x).
3
Let h(x) be the second derivative of -x**5/60 + 11*x**4/24 - 13*x**3/6 + 11*x**2/2 - 32*x. Let m(o) be the first derivative of h(o). Determine m(9).
5
Let z(o) = 11*o + 2 - o**2 - 4 - 5. Suppose -4039*a + 28 = -4035*a. What is z(a)?
21
Let i(t) = -3 - t + 0*t + 0. Let j(z) be the second derivative of -z**5/20 - 7*z**4/6 - 2*z**3 + 3*z**2 - z. Let x be j(-13). Calculate i(x).
4
Let z(a) = -4*a - 10. Let y(t) = -t. Let s(o) = -3*y(o) + z(o). What is s(5)?
-15
Suppose 0 = -2*u - l + 14, 3*u - 47 = 2*l + 3*l. Suppose 26*j = u*j - 102. Let g(n) = -n - 7. What is g(j)?
-1
Suppose 4*x + 2*s + 46 = 0, -28*s = -3*x - 24*s - 51. Let l(m) = m**2 + 11*m - 21. What is l(x)?
5
Let u(o) = 23*o**3 + 17*o - 17. Let i(z) = 8*z**3 + 6*z - 6. Let c(p) = -17*i(p) + 6*u(p). Let f = 36 - 37. Calculate c(f).
-2
Let p be 14/(-49) - (-1 + 47/7). Let a be (1 + -3)/((-4)/p). Let t(g) = g. Determine t(a).
-3
Let y(x) = x**2 - 4*x + 5. Let o be y(3). Let r(w) = o + 2*w - 6 + 6 + 3. Determine r(5).
15
Let m be 12/18*3/2. Let i(u) = -11*u**2 - u. Let l(c) = 2*c + 2. Let r be l(-4). Let y(o) = o**2. Let z(v) = r*y(v) - i(v). Give z(m).
6
Let u be (-20)/(-6) - 4/(-6). Let m(t) = -t**3 + t**2 + t + 1. Let s(l) = 3*l**3 - 9*l**2 - 3*l. Let q(z) = u*m(z) + s(z). Determine q(-5).
-1
Let w(y) = -y**3 - 7*y**2 - 4*y + 8. Let c be -3 + 5 + -1 + 2. Suppose 8*r = 4*s + c*r + 9, -3*r - 15 = s. What is w(s)?
-4
Let v(o) = o + 16. Let k be v(-13). Suppose k*i - 5 - 1 = 0. Let g(w) = 4*w**i - 8 - 5*w**2 + 0*w**2 + 5*w + 9. Determine g(5).
1
Let r(x) = -2*x - 2. Let j be 1/3*-2 - 894/(-18). Suppose 15 + 17 = 4*s. Let d be j/14*s/14. Calculate r(d).
-6
Let a(w) = -w**2 - 2*w + 31. Let n be a(0). Let f = n - 26. Let z(q) = -4*q - 12*q + 15*q - f. Determine z(4).
-9
Let x(h) = -h**3 + 3*h**2 - h + 3. Let g be x(3). Let n(m) be the first derivative of -m**4/4 - m**3/3 + m**2/2 + 2*m + 1082. Calculate n(g).
2
Suppose 2 = -x + 5*h, 0 = 4*x + 4*h + 3 - 43. Suppose 5*t = x + 2. Let k(i) = 3 + 2*i**2 - 3*i**t - 5*i + 0*i**2. Determine k(-6).
-3
Let w(n) = -7 - 5*n**2 + 4*n**2 + 6 + 2*n + 0*n**2. Let r be 4*(4 - 5) + 2. Calculate w(r).
-9
Suppose 0 = -4*d - 2*o + 6*o, -15 = -4*d - o. Let t(b) = b**3 - 3*b**2 - 3*b + 4. Calculate t(d).
-5
Let g = 154 - 150. Let z(k) = k**3 + 7*k**2 - 3*k + 7. Let m(r) = -6*r**3 - 36*r**2 + 14*r - 36. Let p(l) = 2*m(l) + 11*z(l). Give p(g).
1
Let u(q) be the first derivative of q**4/4 - 19*q**3/3 + 9*q**2 - 5*q + 4. Calculate u(18).
-5
Let z(f) be the first derivative of -f**4/4 - 2*f**3 + 5*f**2/2 - 8*f - 1105. Let q = -16 - -9. What is z(q)?
6
Let s be ((-2)/6)/(14/(-378)). Let h(l) = -l**2 + 11*l - 16. Determine h(s).
2
Let w = 16 - 13. Suppose 2 = -w*l + 4*l. Let y(r) = 5*r - 6 - 5*r + r - l. Determine y(6).
-2
Let o(f) = -2*f - 3. Let u be 3*1*(-1 - 2). What is o(u)?
15
Let t(v) = -2*v - 2. Suppose 0*l = -5*l - 25. Let d be l/(-2)*8/5. Suppose -d*q + 5*u + 23 = -3*q, -2*u = -4*q + 2. Give t(q).
2
Let k(b) = 0 + 7 - 3*b - 12 + 4*b. Calculate k(-8).
-13
Suppose 5*o - 21 + 86 = -4*b, -3*b + 30 = -5*o. Let m be o/((-4)/(-8)*-2). Suppose -5*a = 5*c + 25, -3*a - c = -0*c + m. Let p(j) = -2*j + 2. Give p(a).
6
Suppose -f = 1, -2*v + 0*v = f + 5. Let m be (80/28 + v)/(1/(-7)). Let x(q) = -q**3 - 5*q**2 + 5*q + 5. What is x(m)?
11
Let n(b) = b**3 + 6*b**2 + 5*b + 6. Suppose -2*r + 4*r + 10 = 0. Let g be n(r). Suppose g = -2*v - v. Let c(w) = -2*w**3 - 3*w**2 - w - 1. Determine c(v).
5
Let j = 104 + -101. Let q(r) = 2*r. Let v(i) = -3*i. Let a(g) = 5*q(g) + 4*v(g). Determine a(j).
-6
Let g = 418 - 281. Let i = g - 136. Let w(q) = -3*q**2 - 1. Determine w(i).
-4
Suppose -108 = z + 2*z. Let h = 40 + z. Suppose -3 - 13 = h*b. Let o(w) = -w**3 - 5*w**2 - 4*w - 4. Calculate o(b).
-4
Let g(s) = s**2 - 5*s + 1. Let w = 33 + -24. Suppose -w = -5*m + 11. Determine g(m).
-3
Let m(a) = a**2 - 13*a + 2. Suppose 50*l - 62 - 238 = 0. Give m(l).
-40
Suppose 4*z - d + 59 = 29, 20 = -4*z - 4*d. Let k(i) = -i**3 - 8*i**2 - 6*i. Determine k(z).
-7
Let t(n) = 7*n**2 + 2*n + 5*n + n**3 + 817 - 818. Give t(-5).
14
Let a = -7 + 5. Let o(v) be the second derivative of -v**4/4 + v**3/2 + v**2 - 8*v + 8. Determine o(a).
-16
Let k(i) = 4*i**2 - i**3 - 6*i**2 - 4*i**2 + i**2 + 4 + i**2 + i. Give k(-3).
-8
Let j(l) = l + 4. Let y be j(4). Let d(s) = -3*s**3 - 2 - s + 7*s**3 + 8*s**2 + y*s - 3*s**3. Let q be d(-7). Let n(p) = p**3 + 2*p**2 - p - 1. Calculate n(q).
1
Let l be ((-18)/4)/((-4)/(-8)). Let k(s) = s**3 + 10*s**2 + 8*s + 8. Determine k(l).
17
Let o(r) = -4*r - 10. Let j(i) = 5*i + 11. Let a(h) = 2*j(h) + 3*o(h). Determine a(-6).
4
Let n(l) = -5*l. Let x = -2246 - -2235. Calculate n(x).
55
Let o(f) = -f**3 + 10*f**2 + 14*f - 25. Let i be o(11). Let p(c) = c**2 - 16*c + 64. Let y be p(i). Let g(d) = -2 + 2 - d**3 + 1. What is g(y)?
1
Suppose -3*q = -4*i + 11, -6*i - 4*q = -i - 6. Let x(z) = -18 - z**i + 0*z**2 - 5*z - 2*z + 11. Give x(-5).
3
Suppose 5*o + 28 = x, -5*x = -3*o - 2*o - 40. Let r(j) = -4*j + 5*j - 3*j + j**3 - 4*j**2 + 4. Determine r(x).
-11
Let j(c) = c**2 + 25*c + 8. Let p be j(-24). Let m(g) = g**2 + 16*g + 8. Give m(p).
8
Let r(i) = 2*i - 10. Suppose h = 4*h + 27. Let l be 3/((-1)/h*3). Calculate r(l).
8
Let w(g) be the third derivative of -g**4/6 - 2*g**3/3 - 13*g**2. Let n(x) = x. Let k(m) = 5*n(m) + w(m). Determine k(8).
4
Let y be 3/(-6 + 3) + 2. Suppose q - 3 = -y. Let d(c) = c**3 - 2*c**2 - c. Calculate d(q).
-2
Let f(w) be the first derivative of 1/2*w**2 - 3 + 6*w. Let d be (5 + 15/(-3))*2/(-4). Give f(d).
6
Let x = 497 - 491. Let a(h) = -h**2 + 9*h - 2. What is a(x)?
16
Let u(k) = -k**3 - 47*k**2 - 92*k - 81. Let z be u(-45). Let a(d) = -d + 3. Determine a(z).
-6
Let n(v) be the first derivative of -3*v**2/2 + 2*v + 72. Calculate n(0).
2
Suppose -p + 3*p = 0. Suppose p = -5*m + 26 - 1. Let o(c) = -m*c**2 + 4*c**2 - 6*c + 0*c**2 - 6. Give o(-6).
-6
Let d(m) = -40*m**2 + 23*m + 71. Let g(k) = 9*k**2 - 6*k - 18. Let r(i) = -2*d(i) - 9*g(i). What is r(10)?
0
Let g(p) be the second derivative of -p**4/6 - p**3/3 + 4*p**2 + 427*p. Calculate g(-5).
-32
Let n(k) = k**2 - 5*k - 6. Suppose -3*v = -3*f - 33, -2*f + 4*f - 6 = -2*v. Calculate n(v).
8
Let l(r) = -r**3 + 4*r**2 - r - 2. Let a be l(4). Let d(u) = -u**3 - 5*u**2 + 5*u - 1. Let o be d(a). Let p(f) = o + 1 - 5*f + 6*f. Calculate p(5).
11
Let m(a) = a**2 + 2*a - 1. Let l(g) = 2*g**2 + 33*g + 3. Let p(x) = -l(x) + 4*m(x). Calculate p(13).
6
Let m(f) = f**3 - 4*f**2 + 2*f + 2. Suppose -2*i = -4*k - 3*i + 16, -3*i = -4*k + 16. Let r(c) = 9*c - 33. Let y be r(k). Determine m(y).
-1
Suppose 0*r - 18 = -3*r. Let o(p) = 2*p + 3*p - r - 13*p + 0*p + p**2. What is o(6)?
-18
Let o(j) = -30 - 9*j + 76 - 4*j + 54 - 4*j. What is o(6)?
-2
Let r(x) = -x**2 + x - 1. Let z = 24 + -26. Let q(d) = -4*d**2 + d + 2. Let o(n) = n. Let u(t) = z*o(t) - q(t). Let l(w) = -3*r(w) - u(w). Calculate l(0).
5
Let a(g) be the second derivative of g**8/6720 - g**7/840 + g**6/240 - g**5/120 + 3*g**4 + 38*g. Let b(t) be the third derivative of a(t). Give b(2).
1
Let p(c) = c**3 - 7*c**2 - 10*c + 20. Let y be p(8). Let h(d) = -d**2 + 6*d + 2. Let n(x) = x**2 - 6*x - 3. Let i(w) = y*n(w) + 5*h(w). Determine i(5).
3
Let m(n) = n + 10. Let v(d) = d**3 + 9*d**2 + d - 11. Let h be v(-9). Let i = h - -20. Give m(i).
10
Suppose 2*l + 34 = 2*b - 2, -5*b + 4*l = -89. 